{"id":27,"date":"2022-04-14T16:36:38","date_gmt":"2022-04-14T16:36:38","guid":{"rendered":"https:\/\/hysafe.info\/ichs2023\/?page_id=27"},"modified":"2023-10-17T09:32:01","modified_gmt":"2023-10-17T09:32:01","slug":"hysafe-invites-you-to-the-unique-hydrogen-safety-conference","status":"publish","type":"page","link":"https:\/\/hysafe.info\/ichs2023\/","title":{"rendered":""},"content":{"rendered":"<h3 style=\"text-align: center;\">ICHS 2025 &#8211; September, 2025<\/h3>\n<h4 style=\"text-align: center;\">ICHS 2025 will be held in Republic of Korea<br \/>Looking forward to see you!<\/h4>\n<hr \/>\n<p><img loading=\"lazy\" decoding=\"async\" class=\"aligncenter wp-image-265\" src=\"https:\/\/hysafe.info\/wp-content\/uploads\/sites\/8\/2022\/09\/organizers-2.jpg\" alt=\"ICHS 2023 Organizers\" width=\"1000\" height=\"174\" srcset=\"https:\/\/hysafe.info\/ichs2023\/wp-content\/uploads\/sites\/8\/2022\/09\/organizers-2.jpg 1600w, https:\/\/hysafe.info\/ichs2023\/wp-content\/uploads\/sites\/8\/2022\/09\/organizers-2-300x52.jpg 300w, https:\/\/hysafe.info\/ichs2023\/wp-content\/uploads\/sites\/8\/2022\/09\/organizers-2-1024x178.jpg 1024w, https:\/\/hysafe.info\/ichs2023\/wp-content\/uploads\/sites\/8\/2022\/09\/organizers-2-768x133.jpg 768w, https:\/\/hysafe.info\/ichs2023\/wp-content\/uploads\/sites\/8\/2022\/09\/organizers-2-1536x267.jpg 1536w, https:\/\/hysafe.info\/ichs2023\/wp-content\/uploads\/sites\/8\/2022\/09\/organizers-2-1151x200.jpg 1151w\" sizes=\"auto, (max-width: 1000px) 100vw, 1000px\" \/><\/p>\n<h4 style=\"text-align: center;\">The R\u00e9seau Qu\u00e9b\u00e9cois sur l&#8217;\u00c9nergie Intelligente and IA HySafe invite you to the unique<\/h4>\n<h2 style=\"text-align: center;\">INTERNATIONAL CONFERENCE ON HYDROGEN SAFETY<\/h2>\n<h4 style=\"text-align: center;\"><strong>September 19-21, 2023<\/strong><\/h4>\n\n\n<h5 class=\"wp-block-heading has-accent-1-color has-text-color\">Presented by:<\/h5>\n\n\n\n<figure class=\"wp-block-image size-large is-resized\"><img loading=\"lazy\" decoding=\"async\" width=\"1024\" height=\"309\" src=\"https:\/\/hysafe.info\/wp-content\/uploads\/sites\/8\/2023\/08\/QUEBEC_imprime_process-1024x309.png\" alt=\"\" class=\"wp-image-863\" style=\"width:565px;height:170px\" srcset=\"https:\/\/hysafe.info\/ichs2023\/wp-content\/uploads\/sites\/8\/2023\/08\/QUEBEC_imprime_process-1024x309.png 1024w, https:\/\/hysafe.info\/ichs2023\/wp-content\/uploads\/sites\/8\/2023\/08\/QUEBEC_imprime_process-300x91.png 300w, https:\/\/hysafe.info\/ichs2023\/wp-content\/uploads\/sites\/8\/2023\/08\/QUEBEC_imprime_process-768x232.png 768w, https:\/\/hysafe.info\/ichs2023\/wp-content\/uploads\/sites\/8\/2023\/08\/QUEBEC_imprime_process-1536x464.png 1536w, https:\/\/hysafe.info\/ichs2023\/wp-content\/uploads\/sites\/8\/2023\/08\/QUEBEC_imprime_process-2048x618.png 2048w, https:\/\/hysafe.info\/ichs2023\/wp-content\/uploads\/sites\/8\/2023\/08\/QUEBEC_imprime_process-663x200.png 663w, https:\/\/hysafe.info\/ichs2023\/wp-content\/uploads\/sites\/8\/2023\/08\/QUEBEC_imprime_process-600x181.png 600w\" sizes=\"auto, (max-width: 1024px) 100vw, 1024px\" \/><\/figure>\n\n\n\n<h5 class=\"wp-block-heading has-accent-1-color has-text-color\">Our Sponsors:<\/h5>\n\n\n\n<figure class=\"wp-block-image size-large\"><img loading=\"lazy\" decoding=\"async\" width=\"1024\" height=\"634\" src=\"https:\/\/hysafe.info\/wp-content\/uploads\/sites\/8\/2023\/09\/Sponsors-1024x634.jpg\" alt=\"\" class=\"wp-image-1014\" srcset=\"https:\/\/hysafe.info\/ichs2023\/wp-content\/uploads\/sites\/8\/2023\/09\/Sponsors-1024x634.jpg 1024w, https:\/\/hysafe.info\/ichs2023\/wp-content\/uploads\/sites\/8\/2023\/09\/Sponsors-300x186.jpg 300w, https:\/\/hysafe.info\/ichs2023\/wp-content\/uploads\/sites\/8\/2023\/09\/Sponsors-768x476.jpg 768w, https:\/\/hysafe.info\/ichs2023\/wp-content\/uploads\/sites\/8\/2023\/09\/Sponsors-323x200.jpg 323w, https:\/\/hysafe.info\/ichs2023\/wp-content\/uploads\/sites\/8\/2023\/09\/Sponsors-600x372.jpg 600w, https:\/\/hysafe.info\/ichs2023\/wp-content\/uploads\/sites\/8\/2023\/09\/Sponsors.jpg 1519w\" sizes=\"auto, (max-width: 1024px) 100vw, 1024px\" \/><\/figure>\n\n\n\n<h5 class=\"wp-block-heading has-accent-1-color has-text-color\">With the endorsement of:<\/h5>\n\n\n\n<p><\/p>\n\n\n\n<div class=\"wp-block-columns is-layout-flex wp-container-core-columns-is-layout-9d6595d7 wp-block-columns-is-layout-flex\">\n<div class=\"wp-block-column is-layout-flow wp-block-column-is-layout-flow\"><div class=\"wp-block-image\">\n<figure class=\"aligncenter size-full is-resized\"><img loading=\"lazy\" decoding=\"async\" width=\"434\" height=\"300\" src=\"https:\/\/hysafe.info\/wp-content\/uploads\/sites\/8\/2022\/11\/european_commission.jpg\" alt=\"\" class=\"wp-image-279\" style=\"width:217px;height:150px\" srcset=\"https:\/\/hysafe.info\/ichs2023\/wp-content\/uploads\/sites\/8\/2022\/11\/european_commission.jpg 434w, https:\/\/hysafe.info\/ichs2023\/wp-content\/uploads\/sites\/8\/2022\/11\/european_commission-300x207.jpg 300w, https:\/\/hysafe.info\/ichs2023\/wp-content\/uploads\/sites\/8\/2022\/11\/european_commission-289x200.jpg 289w\" sizes=\"auto, (max-width: 434px) 100vw, 434px\" \/><\/figure>\n<\/div><\/div>\n\n\n\n<div class=\"wp-block-column is-layout-flow wp-block-column-is-layout-flow\"><div class=\"wp-block-image\">\n<figure class=\"aligncenter size-full is-resized\"><img loading=\"lazy\" decoding=\"async\" width=\"444\" height=\"300\" src=\"https:\/\/hysafe.info\/wp-content\/uploads\/sites\/8\/2022\/11\/doe.jpg\" alt=\"\" class=\"wp-image-280\" style=\"width:222px;height:150px\" srcset=\"https:\/\/hysafe.info\/ichs2023\/wp-content\/uploads\/sites\/8\/2022\/11\/doe.jpg 444w, https:\/\/hysafe.info\/ichs2023\/wp-content\/uploads\/sites\/8\/2022\/11\/doe-300x203.jpg 300w, https:\/\/hysafe.info\/ichs2023\/wp-content\/uploads\/sites\/8\/2022\/11\/doe-296x200.jpg 296w\" sizes=\"auto, (max-width: 444px) 100vw, 444px\" \/><\/figure>\n<\/div><\/div>\n\n\n\n<div class=\"wp-block-column is-layout-flow wp-block-column-is-layout-flow\"><div class=\"wp-block-image\">\n<figure class=\"aligncenter size-full is-resized\"><img loading=\"lazy\" decoding=\"async\" width=\"260\" height=\"300\" src=\"https:\/\/hysafe.info\/wp-content\/uploads\/sites\/8\/2022\/11\/vvff.jpg\" alt=\"\" class=\"wp-image-289\" style=\"width:130px;height:150px\" srcset=\"https:\/\/hysafe.info\/ichs2023\/wp-content\/uploads\/sites\/8\/2022\/11\/vvff.jpg 260w, https:\/\/hysafe.info\/ichs2023\/wp-content\/uploads\/sites\/8\/2022\/11\/vvff-173x200.jpg 173w\" sizes=\"auto, (max-width: 260px) 100vw, 260px\" \/><\/figure>\n<\/div><\/div>\n\n\n\n<div class=\"wp-block-column is-layout-flow wp-block-column-is-layout-flow\"><div class=\"wp-block-image\">\n<figure class=\"aligncenter size-full is-resized\"><img loading=\"lazy\" decoding=\"async\" width=\"298\" height=\"300\" src=\"https:\/\/hysafe.info\/wp-content\/uploads\/sites\/8\/2022\/11\/iphe.png\" alt=\"\" class=\"wp-image-290\" style=\"width:149px;height:150px\" srcset=\"https:\/\/hysafe.info\/ichs2023\/wp-content\/uploads\/sites\/8\/2022\/11\/iphe.png 298w, https:\/\/hysafe.info\/ichs2023\/wp-content\/uploads\/sites\/8\/2022\/11\/iphe-150x150.png 150w, https:\/\/hysafe.info\/ichs2023\/wp-content\/uploads\/sites\/8\/2022\/11\/iphe-199x200.png 199w\" sizes=\"auto, (max-width: 298px) 100vw, 298px\" \/><\/figure>\n<\/div><\/div>\n<\/div>\n\n\n\n<div class=\"wp-block-columns is-layout-flex wp-container-core-columns-is-layout-9d6595d7 wp-block-columns-is-layout-flex\">\n<div class=\"wp-block-column is-layout-flow wp-block-column-is-layout-flow\">\n<figure class=\"wp-block-image size-full is-resized\"><img loading=\"lazy\" decoding=\"async\" width=\"1000\" height=\"122\" src=\"https:\/\/hysafe.info\/wp-content\/uploads\/sites\/8\/2022\/11\/h2-council.jpg\" alt=\"\" class=\"wp-image-296\" style=\"width:750px;height:92px\" srcset=\"https:\/\/hysafe.info\/ichs2023\/wp-content\/uploads\/sites\/8\/2022\/11\/h2-council.jpg 1000w, https:\/\/hysafe.info\/ichs2023\/wp-content\/uploads\/sites\/8\/2022\/11\/h2-council-300x37.jpg 300w, https:\/\/hysafe.info\/ichs2023\/wp-content\/uploads\/sites\/8\/2022\/11\/h2-council-768x94.jpg 768w\" sizes=\"auto, (max-width: 1000px) 100vw, 1000px\" \/><\/figure>\n<\/div>\n<\/div>\n\n\n\n<div class=\"wp-block-columns is-layout-flex wp-container-core-columns-is-layout-9d6595d7 wp-block-columns-is-layout-flex\">\n<div class=\"wp-block-column is-layout-flow wp-block-column-is-layout-flow\">\n<figure class=\"wp-block-image size-full is-resized\"><img loading=\"lazy\" decoding=\"async\" width=\"1000\" height=\"182\" src=\"https:\/\/hysafe.info\/wp-content\/uploads\/sites\/8\/2022\/11\/h2-tcp.png\" alt=\"\" class=\"wp-image-297\" style=\"width:750px;height:137px\" srcset=\"https:\/\/hysafe.info\/ichs2023\/wp-content\/uploads\/sites\/8\/2022\/11\/h2-tcp.png 1000w, https:\/\/hysafe.info\/ichs2023\/wp-content\/uploads\/sites\/8\/2022\/11\/h2-tcp-300x55.png 300w, https:\/\/hysafe.info\/ichs2023\/wp-content\/uploads\/sites\/8\/2022\/11\/h2-tcp-768x140.png 768w\" sizes=\"auto, (max-width: 1000px) 100vw, 1000px\" \/><\/figure>\n<\/div>\n<\/div>\n\n\n\n<p>This tenth International Conference on Hydrogen Safety (ICHS 2023) will be held at the <strong><a href=\"https:\/\/www.convention.qc.ca\/\" target=\"_blank\" rel=\"noreferrer noopener\">Qu\u00e9bec City Convention Centre<\/a><\/strong> (located at 1000, boul. Ren\u00e9-L\u00e9vesque Est, Qu\u00e9bec (Qu\u00e9bec) Canada G1R 5T8) in&nbsp;<strong>Qu\u00e9bec City, Qu\u00e9bec, Canada<\/strong>, under the auspices of the International Association for Hydrogen Safety (IA HySafe).<\/p>\n\n\n\n<p>The <a href=\"https:\/\/hysafe.info\/ichs2023\/previous-ichs-editions\/\" data-type=\"page\" data-id=\"107\">first nine ICHS biennial conferences from 2005 to 2021<\/a> attracted experts from all over the world, and provided an open platform for the presentation and discussion of new findings, information and data on hydrogen safety \u2013 from basic research to applied development and from good practice to standardisation and regulatory issues.<\/p>\n\n\n\n<p>Hydrogen is now beginning to play a greater role in the transition to clean, safe and sustainable energy systems. ICHS2023 will address industrial heat and feedstocks, commercial and domestic heat, energy storage &amp; energy transportation, and decarbonised clean transport throughout regions and across continents.<\/p>\n\n\n\n<p>The overarching theme for ICHS2023 will address a wide range of hydrogen safety topics including: safety of large production and supply chain infrastructure, hydrogen and hydrogen carrier behaviours, physical effects, consequence and risk analysis, incidents, accidents and near misses, hydrogen effects on materials and components, safety of energy storage, power to gas\/gas to power related safety issues, safety solutions for the implementation of hydrogen technologies, risk management, best practices, regulations, codes and standards, as well as communication strategies for wider public awareness and acceptance of hydrogen.<\/p>\n\n\n\n<p>All contributions to ICHS2023 will be evaluated for their scientific content and relevance to the wider uptake and deployment of safe hydrogen as part of the transition to a low carbon energy system.<\/p>\n","protected":false},"excerpt":{"rendered":"<p>ICHS 2025 &#8211; September, 2025 ICHS 2025 will be held in Republic of KoreaLooking forward to see you! The R\u00e9seau Qu\u00e9b\u00e9cois sur l&#8217;\u00c9nergie Intelligente and IA HySafe invite you to the unique INTERNATIONAL CONFERENCE ON HYDROGEN SAFETY September 19-21, 2023 Presented by: Our Sponsors: With the endorsement of: This tenth &hellip;<\/p>\n","protected":false},"author":70,"featured_media":0,"parent":0,"menu_order":0,"comment_status":"closed","ping_status":"closed","template":"","meta":{"_uag_custom_page_level_css":"","footnotes":""},"class_list":["post-27","page","type-page","status-publish","hentry"],"uagb_featured_image_src":{"full":false,"thumbnail":false,"medium":false,"medium_large":false,"large":false,"1536x1536":false,"2048x2048":false,"post-thumbnail":false,"fluida-featured":false,"fluida-featured-lp":false,"fluida-featured-half":false,"fluida-featured-third":false,"fluida-header":false,"fluida-lpbox-1":false,"fluida-lpbox-2":false,"woocommerce_thumbnail":false,"woocommerce_single":false,"woocommerce_gallery_thumbnail":false},"uagb_author_info":{"display_name":"Hysafe webmaster","author_link":"https:\/\/hysafe.info\/ichs2023\/author\/ichs2017\/"},"uagb_comment_info":0,"uagb_excerpt":"ICHS 2025 &#8211; September, 2025 ICHS 2025 will be held in Republic of KoreaLooking forward to see you! The R\u00e9seau Qu\u00e9b\u00e9cois sur l&#8217;\u00c9nergie Intelligente and IA HySafe invite you to the unique INTERNATIONAL CONFERENCE ON HYDROGEN SAFETY September 19-21, 2023 Presented by: Our Sponsors: With the endorsement of: This tenth &hellip;","_links":{"self":[{"href":"https:\/\/hysafe.info\/ichs2023\/wp-json\/wp\/v2\/pages\/27","targetHints":{"allow":["GET"]}}],"collection":[{"href":"https:\/\/hysafe.info\/ichs2023\/wp-json\/wp\/v2\/pages"}],"about":[{"href":"https:\/\/hysafe.info\/ichs2023\/wp-json\/wp\/v2\/types\/page"}],"author":[{"embeddable":true,"href":"https:\/\/hysafe.info\/ichs2023\/wp-json\/wp\/v2\/users\/70"}],"replies":[{"embeddable":true,"href":"https:\/\/hysafe.info\/ichs2023\/wp-json\/wp\/v2\/comments?post=27"}],"version-history":[{"count":59,"href":"https:\/\/hysafe.info\/ichs2023\/wp-json\/wp\/v2\/pages\/27\/revisions"}],"predecessor-version":[{"id":1053,"href":"https:\/\/hysafe.info\/ichs2023\/wp-json\/wp\/v2\/pages\/27\/revisions\/1053"}],"wp:attachment":[{"href":"https:\/\/hysafe.info\/ichs2023\/wp-json\/wp\/v2\/media?parent=27"}],"curies":[{"name":"wp","href":"https:\/\/api.w.org\/{rel}","templated":true}]}}